{"id":5842,"date":"2026-05-02T23:44:53","date_gmt":"2026-05-02T21:44:53","guid":{"rendered":"https:\/\/www.dfrg-bochum.de\/?post_type=tribe_events&#038;p=5842"},"modified":"2026-05-02T23:44:53","modified_gmt":"2026-05-02T21:44:53","slug":"semaines-europeennes-2026-1-000-km-de-plaisirs-culinaires-la-france-du-nord-au-sud","status":"publish","type":"tribe_events","link":"https:\/\/www.dfrg-bochum.de\/fr\/\u00e9v\u00e9nement\/semaines-europeennes-2026-1-000-km-de-plaisirs-culinaires-la-france-du-nord-au-sud\/","title":{"rendered":"SEMAINES EUROP\u00c9ENNES 2026: 1.000 km de plaisirs culinaires &#8211; La France du nord au sud"},"content":{"rendered":"<h3><em><strong>Seule la version allemande du texte concernant cet \u00e9v\u00e9nement est actuellement disponible.<\/strong><\/em><\/h3>\n<p>&#8212;&#8212;&#8212;&#8212;&#8212;&#8212;&#8212;&#8212;&#8212;&#8212;&#8212;&#8212;&#8212;&#8212;&#8212;&#8212;&#8212;&#8212;&#8212;&#8212;&#8212;&#8212;&#8212;&#8212;&#8212;&#8212;&#8212;&#8212;&#8212;&#8212;&#8212;&#8212;&#8212;&#8212;&#8212;&#8212;&#8212;&#8212;&#8212;&#8212;&#8212;&#8212;&#8212;&#8212;&#8212;&#8212;&#8212;&#8212;<\/p>\n<p>Frankreichs K\u00fcche ist so vielf\u00e4ltig wie seine Landschaften. Der Kochabend \u201e1.000 km Essvergn\u00fcgen \u2013 Frankreich von Nord nach S\u00fcd\u201c l\u00e4dt dazu ein, das Land kulinarisch zu durchqueren: von herzhaften Spezialit\u00e4ten des Nordens \u00fcber klassisch regionale Gerichte der Mitte bis hin zu den leichten, mediterranen Aromen des S\u00fcdens. Gemeinsam werden typische Speisen aus verschiedenen Regionen zubereitet und verkostet. Dabei geht es nicht nur um Rezepte, sondern auch um Esskultur, regionale Produkte und die Frage, wie Klima, Geschichte und Alltag die franz\u00f6sische K\u00fcche pr\u00e4gen. Jede Station der kulinarischen Reise erz\u00e4hlt von Lebensart, Tradition und Genuss. Der Kochabend verbindet gemeinsames Kochen mit kulturellem Austausch und macht die Vielfalt Frankreichs auf genussvolle Weise erlebbar \u2013 ein Abend f\u00fcr alle, die Europa mit allen Sinnen entdecken m\u00f6chten.<\/p>\n<p>Vorherige Anmeldung erforderlich unter <a href=\"mailto:internationales@bochum.de\">internationales@bochum.de<\/a>.<\/p>\n","protected":false},"excerpt":{"rendered":"<p>Seule la version allemande du texte concernant cet \u00e9v\u00e9nement est actuellement disponible. &#8212;&#8212;&#8212;&#8212;&#8212;&#8212;&#8212;&#8212;&#8212;&#8212;&#8212;&#8212;&#8212;&#8212;&#8212;&#8212;&#8212;&#8212;&#8212;&#8212;&#8212;&#8212;&#8212;&#8212;&#8212;&#8212;&#8212;&#8212;&#8212;&#8212;&#8212;&#8212;&#8212;&#8212;&#8212;&#8212;&#8212;&#8212;&#8212;&#8212;&#8212;&#8212;&#8212;&#8212;&#8212;&#8212;&#8212;&#8212; Frankreichs K\u00fcche ist so vielf\u00e4ltig wie seine Landschaften. Der Kochabend \u201e1.000 km Essvergn\u00fcgen \u2013 Frankreich von Nord [&hellip;]<\/p>\n","protected":false},"author":6,"featured_media":0,"comment_status":"open","ping_status":"closed","template":"","meta":{"limit_modified_date":"","last_modified_date":"","_tribe_events_status":"","_tribe_events_status_reason":"","footnotes":""},"tags":[96,359,362],"tribe_events_cat":[252,215,358],"class_list":["post-5842","tribe_events","type-tribe_events","status-publish","hentry","tag-france","tag-semaines-europeennes-2026","tag-soiree-cuisine","tribe_events_cat-france","tribe_events_cat-generalement","tribe_events_cat-semaines-europeennes-2026","cat_france","cat_generalement","cat_semaines-europeennes-2026"],"_links":{"self":[{"href":"https:\/\/www.dfrg-bochum.de\/fr\/wp-json\/wp\/v2\/tribe_events\/5842","targetHints":{"allow":["GET"]}}],"collection":[{"href":"https:\/\/www.dfrg-bochum.de\/fr\/wp-json\/wp\/v2\/tribe_events"}],"about":[{"href":"https:\/\/www.dfrg-bochum.de\/fr\/wp-json\/wp\/v2\/types\/tribe_events"}],"author":[{"embeddable":true,"href":"https:\/\/www.dfrg-bochum.de\/fr\/wp-json\/wp\/v2\/users\/6"}],"replies":[{"embeddable":true,"href":"https:\/\/www.dfrg-bochum.de\/fr\/wp-json\/wp\/v2\/comments?post=5842"}],"version-history":[{"count":3,"href":"https:\/\/www.dfrg-bochum.de\/fr\/wp-json\/wp\/v2\/tribe_events\/5842\/revisions"}],"predecessor-version":[{"id":5845,"href":"https:\/\/www.dfrg-bochum.de\/fr\/wp-json\/wp\/v2\/tribe_events\/5842\/revisions\/5845"}],"wp:attachment":[{"href":"https:\/\/www.dfrg-bochum.de\/fr\/wp-json\/wp\/v2\/media?parent=5842"}],"wp:term":[{"taxonomy":"post_tag","embeddable":true,"href":"https:\/\/www.dfrg-bochum.de\/fr\/wp-json\/wp\/v2\/tags?post=5842"},{"taxonomy":"tribe_events_cat","embeddable":true,"href":"https:\/\/www.dfrg-bochum.de\/fr\/wp-json\/wp\/v2\/tribe_events_cat?post=5842"}],"curies":[{"name":"wp","href":"https:\/\/api.w.org\/{rel}","templated":true}]}}

https://www.dfrg-bochum.de/fr/événement/semaines-europeennes-2026-1-000-km-de-plaisirs-culinaires-la-france-du-nord-au-sud/

SEMAINES EUROPÉENNES 2026: 1.000 km de plaisirs culinaires &#8211; La France du nord au sud

<h3><em><strong>Seule la version allemande du texte concernant cet événement est actuellement disponible.</strong></em></h3>
<p>&#8212;&#8212;&#8212;&#8212;&#8212;&#8212;&#8212;&#8212;&#8212;&#8212;&#8212;&#8212;&#8212;&#8212;&#8212;&#8212;&#8212;&#8212;&#8212;&#8212;&#8212;&#8212;&#8212;&#8212;&#8212;&#8212;&#8212;&#8212;&#8212;&#8212;&#8212;&#8212;&#8212;&#8212;&#8212;&#8212;&#8212;&#8212;&#8212;&#8212;&#8212;&#8212;&#8212;&#8212;&#8212;&#8212;&#8212;&#8212;</p>
<p>Frankreichs Küche ist so vielfältig wie seine Landschaften. Der Kochabend „1.000 km Essvergnügen – Frankreich von Nord nach Süd“ lädt dazu ein, das Land kulinarisch zu durchqueren: von herzhaften Spezialitäten des Nordens über klassisch regionale Gerichte der Mitte bis hin zu den leichten, mediterranen Aromen des Südens. Gemeinsam werden typische Speisen aus verschiedenen Regionen zubereitet und verkostet. Dabei geht es nicht nur um Rezepte, sondern auch um Esskultur, regionale Produkte und die Frage, wie Klima, Geschichte und Alltag die französische Küche prägen. Jede Station der kulinarischen Reise erzählt von Lebensart, Tradition und Genuss. Der Kochabend verbindet gemeinsames Kochen mit kulturellem Austausch und macht die Vielfalt Frankreichs auf genussvolle Weise erlebbar – ein Abend für alle, die Europa mit allen Sinnen entdecken möchten.</p>
<p>Vorherige Anmeldung erforderlich unter <a href="mailto:internationales@bochum.de">internationales@bochum.de</a>.</p>

<p>Seule la version allemande du texte concernant cet événement est actuellement disponible. &#8212;&#8212;&#8212;&#8212;&#8212;&#8212;&#8212;&#8212;&#8212;&#8212;&#8212;&#8212;&#8212;&#8212;&#8212;&#8212;&#8212;&#8212;&#8212;&#8212;&#8212;&#8212;&#8212;&#8212;&#8212;&#8212;&#8212;&#8212;&#8212;&#8212;&#8212;&#8212;&#8212;&#8212;&#8212;&#8212;&#8212;&#8212;&#8212;&#8212;&#8212;&#8212;&#8212;&#8212;&#8212;&#8212;&#8212;&#8212; Frankreichs Küche ist so vielfältig wie seine Landschaften. Der Kochabend „1.000 km Essvergnügen – Frankreich von Nord [&hellip;]</p>
