{"id":5596,"date":"2026-01-14T19:23:15","date_gmt":"2026-01-14T18:23:15","guid":{"rendered":"https:\/\/www.dfrg-bochum.de\/?post_type=tribe_events&#038;p=5596"},"modified":"2026-01-14T19:23:15","modified_gmt":"2026-01-14T18:23:15","slug":"cercle-francais-de-discussion-reunion-a-la-place-du-12-janvier-2026","status":"publish","type":"tribe_events","link":"https:\/\/www.dfrg-bochum.de\/fr\/\u00e9v\u00e9nement\/cercle-francais-de-discussion-reunion-a-la-place-du-12-janvier-2026\/","title":{"rendered":"Cercle fran\u00e7ais de discussion: R\u00c9UNION \u00c0 LA PLACE DU 12 janvier 2026"},"content":{"rendered":"<p>La r\u00e9union du 12 janvier 2026 a \u00e9t\u00e9 report\u00e9e en toute derni\u00e8re minute pour des raisons de s\u00e9curit\u00e9 dues aux conditions m\u00e9t\u00e9orologiques.<\/p>\n<p><strong><em>Pour plus d&rsquo;informations sur la r\u00e9union voir l&rsquo;annonce pour le 12 janvier avec le titre \u00ab\u00a0cercle fran\u00e7ais de discussion (janvier 2026) dans le menu \u00ab\u00a0\u00e9v\u00e9nements\u00a0\u00bb.<\/em><\/strong><\/p>\n","protected":false},"excerpt":{"rendered":"<p>La r\u00e9union du 12 janvier 2026 a \u00e9t\u00e9 report\u00e9e en toute derni\u00e8re minute pour des raisons de s\u00e9curit\u00e9 dues aux conditions m\u00e9t\u00e9orologiques. Pour plus d&rsquo;informations sur la r\u00e9union voir l&rsquo;annonce [&hellip;]<\/p>\n","protected":false},"author":6,"featured_media":4292,"comment_status":"open","ping_status":"closed","template":"","meta":{"limit_modified_date":"","last_modified_date":"","_tribe_events_status":"","_tribe_events_status_reason":"","footnotes":""},"tags":[150,258],"tribe_events_cat":[149,17,215],"class_list":["post-5596","tribe_events","type-tribe_events","status-publish","has-post-thumbnail","hentry","tag-cercle-francais-de-discussion","tag-evenement","tribe_events_cat-cercle-francais-de-discussion","tribe_events_cat-evenement","tribe_events_cat-generalement","cat_cercle-francais-de-discussion","cat_evenement","cat_generalement"],"_links":{"self":[{"href":"https:\/\/www.dfrg-bochum.de\/fr\/wp-json\/wp\/v2\/tribe_events\/5596","targetHints":{"allow":["GET"]}}],"collection":[{"href":"https:\/\/www.dfrg-bochum.de\/fr\/wp-json\/wp\/v2\/tribe_events"}],"about":[{"href":"https:\/\/www.dfrg-bochum.de\/fr\/wp-json\/wp\/v2\/types\/tribe_events"}],"author":[{"embeddable":true,"href":"https:\/\/www.dfrg-bochum.de\/fr\/wp-json\/wp\/v2\/users\/6"}],"replies":[{"embeddable":true,"href":"https:\/\/www.dfrg-bochum.de\/fr\/wp-json\/wp\/v2\/comments?post=5596"}],"version-history":[{"count":3,"href":"https:\/\/www.dfrg-bochum.de\/fr\/wp-json\/wp\/v2\/tribe_events\/5596\/revisions"}],"predecessor-version":[{"id":5599,"href":"https:\/\/www.dfrg-bochum.de\/fr\/wp-json\/wp\/v2\/tribe_events\/5596\/revisions\/5599"}],"wp:featuredmedia":[{"embeddable":true,"href":"https:\/\/www.dfrg-bochum.de\/fr\/wp-json\/wp\/v2\/media\/4292"}],"wp:attachment":[{"href":"https:\/\/www.dfrg-bochum.de\/fr\/wp-json\/wp\/v2\/media?parent=5596"}],"wp:term":[{"taxonomy":"post_tag","embeddable":true,"href":"https:\/\/www.dfrg-bochum.de\/fr\/wp-json\/wp\/v2\/tags?post=5596"},{"taxonomy":"tribe_events_cat","embeddable":true,"href":"https:\/\/www.dfrg-bochum.de\/fr\/wp-json\/wp\/v2\/tribe_events_cat?post=5596"}],"curies":[{"name":"wp","href":"https:\/\/api.w.org\/{rel}","templated":true}]}}

https://www.dfrg-bochum.de/fr/événement/cercle-francais-de-discussion-reunion-a-la-place-du-12-janvier-2026/

Cercle français de discussion: RÉUNION À LA PLACE DU 12 janvier 2026

<p>La réunion du 12 janvier 2026 a été reportée en toute dernière minute pour des raisons de sécurité dues aux conditions météorologiques.</p>
<p><strong><em>Pour plus d&rsquo;informations sur la réunion voir l&rsquo;annonce pour le 12 janvier avec le titre « cercle français de discussion (janvier 2026) dans le menu « événements ».</em></strong></p>

<p>La réunion du 12 janvier 2026 a été reportée en toute dernière minute pour des raisons de sécurité dues aux conditions météorologiques. Pour plus d&rsquo;informations sur la réunion voir l&rsquo;annonce [&hellip;]</p>
